{"id":260,"date":"2014-07-11T11:03:46","date_gmt":"2014-07-11T11:03:46","guid":{"rendered":"http:\/\/serviciopdi.umh.es\/?page_id=260"},"modified":"2018-10-03T09:57:59","modified_gmt":"2018-10-03T07:57:59","slug":"notificacion-acuerdo-prestacion-economica-por-incapacidad-temporal-27092012","status":"publish","type":"page","link":"https:\/\/servicioprofesorado.umh.es\/en\/nomina-y-seguridad-social\/seguridad-social\/incapacidad-laboral\/notificacion-acuerdo-prestacion-economica-por-incapacidad-temporal-27092012\/","title":{"rendered":"Notificaci\u00f3n acuerdo de aprobaci\u00f3n de la modificaci\u00f3n de la prestaci\u00f3n econ\u00f3mica en IT  27-09-2018"},"content":{"rendered":"<p class=\"qtranxs-available-languages-message qtranxs-available-languages-message-en\">Sorry, this entry is only available in <a href=\"https:\/\/servicioprofesorado.umh.es\/es\/wp-json\/wp\/v2\/pages\/260\" class=\"qtranxs-available-language-link qtranxs-available-language-link-es\" title=\"Espa\u00f1ol\">European Spanish<\/a>.<\/p>","protected":false},"excerpt":{"rendered":"<p>Sorry, this entry is only available in European Spanish.<\/p>\n","protected":false},"author":365,"featured_media":0,"parent":247,"menu_order":0,"comment_status":"closed","ping_status":"open","template":"","meta":{"_links_to":"","_links_to_target":""},"_links":{"self":[{"href":"https:\/\/servicioprofesorado.umh.es\/en\/wp-json\/wp\/v2\/pages\/260"}],"collection":[{"href":"https:\/\/servicioprofesorado.umh.es\/en\/wp-json\/wp\/v2\/pages"}],"about":[{"href":"https:\/\/servicioprofesorado.umh.es\/en\/wp-json\/wp\/v2\/types\/page"}],"author":[{"embeddable":true,"href":"https:\/\/servicioprofesorado.umh.es\/en\/wp-json\/wp\/v2\/users\/365"}],"replies":[{"embeddable":true,"href":"https:\/\/servicioprofesorado.umh.es\/en\/wp-json\/wp\/v2\/comments?post=260"}],"version-history":[{"count":0,"href":"https:\/\/servicioprofesorado.umh.es\/en\/wp-json\/wp\/v2\/pages\/260\/revisions"}],"up":[{"embeddable":true,"href":"https:\/\/servicioprofesorado.umh.es\/en\/wp-json\/wp\/v2\/pages\/247"}],"wp:attachment":[{"href":"https:\/\/servicioprofesorado.umh.es\/en\/wp-json\/wp\/v2\/media?parent=260"}],"curies":[{"name":"wp","href":"https:\/\/api.w.org\/{rel}","templated":true}]}}

Notificación acuerdo de aprobación de la modificación de la prestación económica en IT  27-09-2018

<p class="qtranxs-available-languages-message qtranxs-available-languages-message-en">Sorry, this entry is only available in <a href="https://servicioprofesorado.umh.es/es/wp-json/wp/v2/pages/260" class="qtranxs-available-language-link qtranxs-available-language-link-es" title="Español">European Spanish</a>.</p>
